 15.
15
Let z = -30821 + 30870. Let k be 1/2 + (-97)/(-2). Calculate the greatest common divisor of z and k.
49
Let u be (704/(-12))/(46/(-138)). What is the highest common divisor of 7304 and u?
88
Let y(z) = -43*z**3 - z**2 + z + 1. Let t be y(-1). Suppose -5*j - 1 = -4*j, 0 = -4*l + 4*j + 228. What is the greatest common factor of t and l?
14
Suppose -9*x + 2 = 2. Let s be 10 + x - (-5 - -3). What is the highest common factor of 42 and s?
6
Let d = 9228 + -2790. What is the greatest common divisor of 87 and d?
87
Suppose -16*j + 12*j + 1296 = -h, 3*j + 4*h = 972. Calculate the highest common factor of j and 3483.
81
Suppose z - 53 = 2. Let v = 1641 + -1610. Let s = z - v. What is the highest common factor of s and 3?
3
Suppose 8 = -l + 19. Let r = l + -3. Let b be 4/(-8) - (-580)/8. What is the highest common divisor of b and r?
8
Let c be ((-38)/(-6))/((-16)/(-32160)*10). Calculate the greatest common factor of 268 and c.
67
Suppose -51*v - 20 = -56*v, 702 = 2*p - 2*v. What is the greatest common factor of p and 115?
5
Let n be (-2 + (-57)/(-30))*(-14 + 52/13). What is the highest common factor of 2417 and n?
1
Let m(w) be the first derivative of w**4/4 - 8*w**3/3 + 19*w**2/2 - 12*w + 82. Let q be m(8). Calculate the highest common factor of q and 20.
20
Suppose -o = 3*x + 13, 0 = -3*o + 54*x - 58*x - 44. Let q(l) = -l**2 - 16*l + 30. Let j be q(o). What is the highest common factor of j and 165?
15
Let z be (-19)/(-4) + 9/(-12). Let o be 38/(-4) + (-15)/(-30). Let j be (-1 - 2)*(2 + 21/o). Calculate the greatest common divisor of z and j.
1
Suppose 112*y - 580 = 38 + 166. What is the highest common divisor of 3661 and y?
7
Suppose -3*i + 6 = 4*b - 34, -5*b = 2*i - 15. Let u(o) = -o**3 - 29*o**2 - 64*o - 848. Let v be u(-28). Calculate the greatest common factor of i and v.
20
Suppose -59*i + 66*i - 956 = -60. What is the greatest common divisor of i and 2208?
32
Suppose 47*s - 3*s = 14036. Let u be (-4)/12*0 - 0. Suppose i - 3*i + 58 = u. Calculate the highest common divisor of i and s.
29
Let t be (9/6)/(9/156*1). Suppose -q + 6 = 3*m + 17, -2*q - t = 2*m. Let w be 2 - q/(-6) - 181/(-3). What is the greatest common factor of 12 and w?
12
Let u be 11/9 + 16/(-72). Let v be (u - (3 - 2)) + 240. Suppose 0 = 7*o - 107 - 229. What is the greatest common factor of v and o?
48
Let y be 9/5*((-96)/(-9) - -1). What is the greatest common factor of 6 and y?
3
Let z be 2 - -1 - (3/(-39) - 18927/351). Calculate the highest common divisor of 8493 and z.
57
Let f = -23 - -42. Suppose -1 = 6*l - f. Suppose -3*j - 7*a = -2*a - 39, -l*j + 39 = -a. What is the highest common factor of 91 and j?
13
Let f(s) be the first derivative of -6*s**2 - 8*s - 76. Let d be f(-8). Calculate the highest common factor of 33 and d.
11
Suppose 2*d + 8 = -6*d. Let g be (d/6)/((-3)/774). Suppose h - 2*h + 129 = 0. What is the greatest common divisor of g and h?
43
Let m be 1 + (-1)/2 + 8/(-16). Suppose m = -24*g + 27*g. Suppose 30*r - 28*r - 156 = g. What is the highest common factor of r and 13?
13
Let p(c) = -3*c**3 - 4*c**2 + 4*c. Let l be p(-3). What is the greatest common divisor of l and 1034?
11
Let n(q) = -q**2 - 12*q - 22. Suppose 11*d + 35 = -42. Let s be n(d). What is the greatest common divisor of s and 169?
13
Let x = 21 + -21. Suppose 0*b + 5*b = -4*t + 40, -2*b - 8 = x. Let a be (-1 + 6/4)*90. Calculate the highest common divisor of t and a.
15
Let x = -28 - -55. Let k = x + -27. Suppose 6*j - 79 - 305 = k. Calculate the greatest common divisor of j and 16.
16
Let k(i) = 4 + 426*i - 116*i - 3 - 15. Let t be k(1). What is the highest common factor of 37 and t?
37
Let q be 326*(-2)/(-4) - (-7 - -2). Suppose -80 = -4*b - 4*k, 2*k + 20 + 36 = 2*b. Calculate the greatest common divisor of q and b.
24
Suppose -4*p = -112 + 148. Let w(u) = 5*u**2 + 8*u + 7. Let c be w(p). Calculate the highest common factor of 20 and c.
20
Let t = -31 - -97. Suppose -3*r - 6*d = -2*d - 79, 140 = 5*r + 5*d. Suppose -w = 3, j = 5*j - 3*w - r. What is the highest common divisor of j and t?
6
Let x be (-180)/1*(-1)/2. Suppose -225 + 2925 = 128*k - 20*k. What is the highest common divisor of x and k?
5
Let c(u) = -4*u**3 + 8*u**2 + 48*u - 337. Let n be c(-22). What is the greatest common divisor of 13 and n?
13
Suppose 0 = 80432*i - 80425*i - 16128. What is the highest common factor of 936 and i?
72
Suppose -20*i = -424 - 656. What is the highest common divisor of i and 2133?
27
Suppose 2*w + 10060 = 2*z, 19582 = 6*z + 4*w - 10668. Calculate the greatest common divisor of 292 and z.
73
Let x be (0 + 14)/((-3)/15). Let p be (-110)/x + (-3)/(-7). Suppose -587 = -5*t - 3*w, -p*t = -5*t - w + 349. Calculate the highest common factor of 23 and t.
23
Suppose -2*k + 60 = 3*k. Let f be k/(-6)*(5/(-2) - -1). Let w = f - -39. What is the highest common divisor of w and 63?
21
Let h be (-21 - -6 - -209) + 13. Let x = 55 + -31. Let f be (1 - (0 + 2)) + x. What is the greatest common divisor of h and f?
23
Let l = -29760 + 30474. Calculate the highest common factor of 22610 and l.
238
Let p(z) = -2*z**3 - 3*z**2 + 8*z - 15. Let o be p(-4). Let t be 1 - (1 + 1 + 2). Let g = 8 - t. What is the highest common factor of g and o?
11
Suppose 32*j - 2258 - 92 = -15*j. Calculate the highest common factor of j and 122.
2
Suppose 5*z - 3*h = -4940, -4*z + 34*h - 37*h = 3952. Let x be z/(-39) - (-1)/(-3). Let i = 73 - -2. Calculate the greatest common divisor of i and x.
25
Suppose -58*q - 2090 = -80*q. Calculate the highest common divisor of 5 and q.
5
Let m be 43*3/(14/(-49) - 680/(-1792)). What is the greatest common factor of m and 2494?
86
Let s(a) = a**3 + 12*a**2 + a + 35. Suppose -77*k + 84 = -84*k. Let q be s(k). What is the greatest common divisor of 23 and q?
23
Suppose 3*u = -2102*k + 2100*k + 7557, -2*k = 4*u - 7560. Calculate the highest common divisor of 204 and k.
102
Let u be 4 + (4 - (2 - 0)). Let x be 194/u - (-7)/(-21). Suppose 239 = 4*y - 5*b + 75, -y + x = b. What is the highest common factor of y and 9?
9
Suppose -2*a + 8 = 5*c - 25, -a - 21 = -5*c. Suppose -32 + 133 = a*z + n, -5*n = -z - 1. Calculate the greatest common divisor of z and 136.
8
Let x = -8 + 10. Suppose -430 = -x*v + 50. Suppose -46*u = -43*u - v. What is the greatest common factor of u and 20?
20
Suppose -310*u = -296*u - 187124. What is the greatest common factor of u and 82?
82
Let x be (18 - 20)/((-2)/((-52)/(-2))). What is the greatest common divisor of x and 110?
2
Suppose -2953029 = -217*r - 1973758 + 11783367. Calculate the highest common divisor of r and 14.
14
Suppose 0 = 3*t + 5*n - 134, -87 = -2*t + 59*n - 62*n. Calculate the greatest common divisor of t and 96.
3
Let b(d) = -20*d + 592. Let q be b(23). Suppose 0 = -2*t - 0*t + 132. Calculate the greatest common factor of q and t.
66
Let q = 76 - 45. Let z be -1 + -2 - 762/(-9)*162/108. What is the highest common factor of q and z?
31
Let t = 30076 - 29820. Let o(x) = -64*x**3 - x**2 + 1. Let g be o(-1). Calculate the greatest common factor of g and t.
64
Suppose 0 = -48*c + 9607 - 1111. Let v be (480/(-14))/(c/(-826)). What is the greatest common divisor of v and 128?
32
Let s be -2 + (-8 - (-6)/3). Let n be 6/s*(-4 - 52). Calculate the highest common divisor of 154 and n.
14
Suppose 2967086 = 172*y + 154542. Calculate the greatest common factor of 146 and y.
146
Let t = 32 + -30. Suppose 4*u - 3*b + 66 = 0, -t*u - 22 = -4*b + 8*b. Let q be -1 + 7 - (13 + u). What is the greatest common factor of q and 24?
8
Let s be 2410*(60/8)/(-15). Let g = s + 1849. Calculate the greatest common divisor of 28 and g.
28
Let d(q) = q**3 + 98*q**2 - 204*q - 220. Let l be d(-100). Calculate the greatest common divisor of l and 13770.
90
Suppose -27*h - 3*o = -22*h - 206, -2*h + 4*o + 124 = 0. Let y = 786 - 372. What is the highest common factor of y and h?
46
Let j be ((-28)/3)/((-2)/9). Let i(p) = -35965*p + 71960. Let g be i(2). What is the greatest common divisor of g and j?
6
Suppose 0 = -2*z - 4*s + 318, 13*z = 19*z + 4*s - 978. Calculate the highest common divisor of 210 and z.
15
Let p = -42941 - -58980. What is the highest common divisor of p and 43?
43
Suppose -311 = -5*d - 41. Suppose -3*j = -d - 21. Let a(z) = z**2 - 42*z - 63. Let b be a(44). Calculate the hi